 of 119924892?
True
Does 668 divide 1473439946?
False
Is 7547148021 a multiple of 49?
True
Does 768 divide 156125773?
False
Is 246094632 a multiple of 3764?
False
Is 133591162 a multiple of 19?
False
Does 565 divide 26754281?
False
Is 448432265 a multiple of 115?
True
Is 14 a factor of 680652786?
False
Does 34 divide 76820935?
False
Is 3081314 a multiple of 1418?
True
Does 938 divide 916767096?
False
Is 1396 a factor of 137653206?
False
Is 50086256 a multiple of 11?
True
Is 34 a factor of 15889832?
True
Is 3068632 a multiple of 28?
True
Does 265 divide 2015975804?
False
Does 12 divide 17641188?
True
Does 218 divide 122269257?
False
Is 646212540 a multiple of 4638?
True
Is 139 a factor of 881919972?
True
Does 28 divide 788956?
True
Is 2324 a factor of 1329317475?
False
Is 68 a factor of 14388664?
True
Is 9 a factor of 62689240?
False
Is 6864330 a multiple of 3630?
True
Is 28404546 a multiple of 1150?
False
Is 173 a factor of 1799788688?
False
Does 33 divide 23093235?
True
Does 4 divide 49634948?
True
Is 67075628 a multiple of 14?
False
Does 1124 divide 11507512?
True
Is 1295 a factor of 59931256?
False
Is 8 a factor of 496961178?
False
Does 181 divide 3295362348?
False
Is 2 a factor of 475958896?
True
Is 64 a factor of 788456064?
True
Is 148 a factor of 385360860?
False
Is 82064962 a multiple of 14?
True
Is 24 a factor of 3719605680?
True
Is 733 a factor of 9504594?
False
Is 3123 a factor of 2384847?
False
Does 24 divide 253326912?
True
Is 2868 a factor of 43711678?
False
Is 47 a factor of 1021827141?
True
Is 900 a factor of 202568400?
True
Does 7597 divide 177603812?
False
Is 264 a factor of 1096814928?
True
Is 8 a factor of 42011262?
False
Does 1241 divide 154327830?
False
Does 9 divide 235805712?
False
Is 12 a factor of 1161287532?
True
Is 12 a factor of 20436744?
True
Does 45 divide 101811634?
False
Is 46 a factor of 29948392?
True
Is 438 a factor of 11605391?
False
Does 9177 divide 290764068?
True
Is 1077517787 a multiple of 1376?
False
Is 2450016164 a multiple of 714?
False
Does 541 divide 183982412?
False
Is 37318599 a multiple of 212?
False
Does 93 divide 1749327279?
False
Does 5 divide 24118339?
False
Is 1661061 a multiple of 531?
False
Does 586 divide 11736419?
False
Is 1046900602 a multiple of 31?
False
Is 4061554 a multiple of 266?
True
Is 370833890 a multiple of 10?
True
Does 54 divide 34799660?
False
Is 25 a factor of 73048600?
True
Is 584 a factor of 54845776?
True
Is 12814312 a multiple of 184?
True
Does 4 divide 28190792?
True
Is 223345646 a multiple of 9?
False
Is 622 a factor of 21595487?
False
Is 1426080 a multiple of 8?
True
Does 6 divide 36375822?
True
Is 1968588 a multiple of 149?
True
Is 2947 a factor of 24396585?
False
Does 30 divide 284593643?
False
Is 195059700 a multiple of 95?
True
Is 52 a factor of 76185703?
False
Is 30 a factor of 8404010?
False
Does 464 divide 1268916020?
False
Is 133773753 a multiple of 3115?
False
Does 179 divide 1660534133?
True
Is 68439310 a multiple of 1646?
False
Does 1559 divide 84818954?
True
Is 1078 a factor of 86964416?
True
Is 32 a factor of 106641736?
False
Does 2456 divide 57354968?
True
Is 24033132 a multiple of 12?
True
Is 102668355 a multiple of 1344?
False
Is 115943859 a multiple of 2091?
True
Does 2 divide 8169774?
True
Does 1867 divide 1817522633?
True
Is 15 a factor of 27958382?
False
Is 37 a factor of 10415584?
False
Is 3774982330 a multiple of 26?
False
Is 1093478261 a multiple of 7?
False
Does 468 divide 455922324?
True
Is 217 a factor of 23703127?
True
Is 434 a factor of 44494142?
False
Is 4979680148 a multiple of 38?
False
Does 868 divide 42592424?
False
Is 1667652090 a multiple of 195?
True
Is 59 a factor of 764884378?
True
Is 6121568 a multiple of 16?
True
Is 53745411 a multiple of 3343?
True
Does 6 divide 3491327?
False
Is 79813804 a multiple of 14?
True
Is 1888 a factor of 358053468?
False
Does 90 divide 4425480?
True
Does 160 divide 205536847?
False
Does 31 divide 262149453?
False
Is 547730950 a multiple of 300?
False
Is 73 a factor of 119842567?
True
Is 128762936 a multiple of 4666?
True
Is 433 a factor of 42436165?
True
Is 406152283 a multiple of 223?
False
Does 259 divide 203005754?
True
Is 18 a factor of 491971344?
False
Is 20 a factor of 12652180?
True
Is 46362737 a multiple of 101?
True
Does 562 divide 1311460720?
True
Does 194 divide 51563648?
True
Does 1093 divide 873960442?
False
Is 8 a factor of 849340582?
False
Does 756 divide 1312096684?
False
Is 20 a factor of 1305180?
True
Is 736550677 a multiple of 47?
True
Is 92722976 a multiple of 4874?
True
Is 1311 a factor of 625913352?
True
Is 1872 a factor of 61676616?
False
Is 77 a factor of 975738918?
True
Does 273 divide 1926307383?
True
Is 19 a factor of 6988147?
False
Is 639289341 a multiple of 15?
False
Is 685911088 a multiple of 2084?
True
Is 26704671 a multiple of 25?
False
Is 17 a factor of 9050375?
True
Is 16 a factor of 1340396?
False
Is 2668 a factor of 75289513?
False
Does 14 divide 84659470?
True
Does 34 divide 18932220?
True
Is 66 a factor of 3113679?
False
Is 1210 a factor of 242282660?
False
Does 232 divide 297989384?
True
Does 631 divide 522512801?
True
Is 3397 a factor of 166670820?
False
Is 222 a factor of 6915264?
False
Is 290074244 a multiple of 7?
False
Does 734 divide 493830859?
False
Does 26 divide 114430576?
True
Is 410 a factor of 4938794794?
False
Is 49 a factor of 1241317?
True
Is 77 a factor of 35179324?
False
Is 4640 a factor of 1224505280?
True
Is 4 a factor of 2587035?
False
Is 53 a factor of 6610584?
True
Is 12 a factor of 948010247?
False
Does 24 divide 804295229?
False
Is 20 a factor of 61317725?
False
Does 4673 divide 136253497?
False
Does 90 divide 122335380?
True
Is 5498496 a multiple of 148?
True
Does 12 divide 667835688?
True
Is 153 a factor of 39737313?
True
Is 166 a factor of 34222947?
False
Is 81 a factor of 42816047?
False
Is 83 a factor of 80076906?
True
Is 13 a factor of 14506258?
True
Does 87 divide 857809647?
True
Does 13 divide 10313795219?
True
Is 343259084 a multiple of 93?
False
Is 11250946 a multiple of 686?
False
Is 142 a factor of 1432730?
False
Is 8 a factor of 6394561?
False
Does 108 divide 145924632?
True
Is 28702870 a multiple of 35?
True
Is 34076905 a multiple of 31?
True
Does 226 divide 8337901?
False
Is 190 a factor of 51692517?
False
Does 93 divide 27361251?
True
Is 157 a factor of 185790696?
False
Does 582 divide 158778447?
False
Does 3 divide 4213500?
True
Does 5 divide 8497906?
False
Is 785405472 a multiple of 23?
True
Does 4099 divide 210438561?
True
Does 20 divide 930743780?
True
Is 182417152 a multiple of 227?
False
Is 154362841 a multiple of 1525?
False
Does 4056 divide 1745069664?
True
Does 29 divide 74857137?
False
Does 20 divide 68320849?
False
Is 5684840 a multiple of 316?
True
Is 548 a factor of 1063805429?
False
Does 274 divide 42677692?
True
Is 20713880 a multiple of 220?
True
Is 11 a factor of 745450211?
True
Is 1163 a factor of 13295416?
True
Is 82 a factor of 416776152?
True
Does 1818 divide 154301455?
False
Is 517 a factor of 102488092?
False
Is 29781975 a multiple of 150?
False
Does 9 divide 112057727?
False
Is 57646983 a multiple of 19?
False
Is 3 a factor of 8043435?
True
Is 590084125 a multiple of 68?
False
Is 96813483 a multiple of 37?
False
Is 1084818680 a multiple of 95?
True
Does 4 divide 5043784?
True
Does 103 divide 43755842?
True
Is 166 a factor of 55244473?
False
Does 12 divide 1415654420?
False
Is 1839571159 a multiple of 39?
False
Is 22918180 a multiple of 190?
True
Is 19 a factor of 129563831?
True
Does 305 divide 37020853?
False
Is 2864557701 a multiple of 69?
True
Is 28743084 a multiple of 14?
False
Is 41146134 a multiple of 1303?
True
Is 77 a factor of 516248977?
False
Is 736091037 a multiple of 7689?
True
Is 826578789 a multiple of 50?
False
Is 19421265 a multiple of 15?
True
Does 467 divide 20636730?
True
Is 1853 a factor of 30722525?
False
Does 56 divide 35666660?
False
Does 1306 divide 100281731?
False
Is 336 a factor of 367519945?
False
Is 15049484 a multiple of 4?
True
Is 54978404 a multiple of 15?
False
Is 37 a factor of 19757570?
False
Does 165 divide 201764534?
False
Does 5540 divide 163741636?
False
Does 1482 divide 211508243?
False
Is 28851510 a multiple of 31?
False
Is 426 a factor of 1677588?
True